0. Let u be y(8). List the prime factors of (70/3)/(u/(-12)).
2, 5, 7
Suppose 10250 = -2*m + 7*m. Suppose 0 = -2*u - 2*p + m, 3*p = 3*u - 0*p - 3099. What are the prime factors of u?
3, 7
Let w be (-14)/(-6)*(5 + -2) - 4. Let y(s) = 33*s**2 - 19*s + 0*s - 7*s - s**w - 76. List the prime factors of y(32).
2, 29
Let c(r) = -39*r + 90. Let n(f) = -f**3 + 14*f**2 - 3*f + 34. Let z be n(14). List the prime factors of c(z).
2, 3, 67
Let f = 17 + -2. Suppose 511 = f*p - 1469. What are the prime factors of p?
2, 3, 11
Let h(o) = 5*o**3 - 11*o**2 - 8*o - 47. Let w(x) = -4*x**3 + 12*x**2 + 8*x + 48. Let b(l) = 3*h(l) + 4*w(l). List the prime factors of b(13).
17, 29
Suppose 149290 + 6068684 = 126*k. List the prime factors of k.
61, 809
Let w(m) = 2*m**3 - 77*m**2 + 37*m + 60. Let p be w(38). Suppose p*s + 4508 = 29*s. What are the prime factors of s?
2, 7, 23
Suppose 4*u + 12 = 0, 2*k + 4*u = -k + 6. Let s(m) = -m**3 + 7*m - 15*m + k*m**2 + 5*m + 3. List the prime factors of s(3).
3, 7
Suppose 3*t - t - 1573 = 5*f, -t - 316 = f. List the prime factors of (-11)/(((-3)/(-12))/(f/36)).
5, 7, 11
Let g be (-8 + 7)*2*1*29. Let j = g + 62. Suppose -s + 2*b + 26 = 3*b, -j*s = 3*b - 108. What are the prime factors of s?
2, 3, 5
Let f(r) = -50*r - 18. Let t be f(-10). Suppose 0 = -3*y + t + 544. Suppose 13*g = 10*g + y. What are the prime factors of g?
2, 3, 19
Let j(k) = k**3 + 47*k**2 - 11*k - 248. List the prime factors of j(-35).
37, 401
Let s be (-7)/(-2)*(10 + 4/(-1)). Let p be (-4)/3 - ((-1687)/s + -3). Suppose p = 2*z - 156. List the prime factors of z.
7, 17
Let u be (3 - 1)/((-6)/(-9)). Suppose -f + 3*r = -12, 1 + u = -r. Suppose 14 = -5*n - 2*j + 253, f = -2*n - j + 95. List the prime factors of n.
7
Let w(m) = 3*m**2 - 21*m + 4 + 2*m**2 + 3. Suppose 168 = -5*l + 158, -3*h = -2*l - 25. List the prime factors of w(h).
3, 5, 7
Let q(s) = s**3 + s - 1. Let l(u) = 2*u**2 - u - 2. Let w be l(-1). Let d be q(w). What are the prime factors of (2 - 4 - 16)*d*-3?
2, 3
Let l = 102 - 98. Let b be 128/(15/3 - l). Let m = 284 - b. List the prime factors of m.
2, 3, 13
Suppose 33*t + 2281149 = 150*t. What are the prime factors of t?
3, 67, 97
Suppose -4*s = n + 7, -1 = 2*n - 3*n - 2*s. Suppose w + 5 = n. Suppose -43 = -2*c - 3*y - 0*y, -w*c = 3*y - 71. What are the prime factors of c?
2, 7
Let a = 29 - 26. Suppose b - 79 = -0*b - a*z, 3*b + 3*z = 231. Suppose -b = -10*w + 1124. List the prime factors of w.
2, 3, 5
Let m(i) = 2105*i + 589. List the prime factors of m(7).
2, 3, 1277
List the prime factors of 1/(1 - (-18)/(-8)) + (-862302672)/(-35640).
2, 12097
Suppose -2258 = -3*y + 5*d + 7953, 5*d - 10261 = -3*y. List the prime factors of y.
2, 853
Suppose -p - 4*p = -56*p + 485775. What are the prime factors of p?
3, 5, 127
Suppose -4*d = -73 + 261. Let t = -51 - d. What are the prime factors of ((-948)/(-16))/((-3)/t)?
79
List the prime factors of 1/((5*(-11)/(-833635))/(1 + 0)).
23, 659
Let b be (2/4)/((-3)/12). Let g(q) = -q**2 - 5*q - 1. Let i be g(b). Suppose -f + i*v + 63 = 7*v, -5*f = -5*v - 345. What are the prime factors of f?
67
Let k = -5 + 4. Let q(j) = -21*j - 3*j - 4*j - 1 - 19*j. List the prime factors of q(k).
2, 23
Let s(n) = 6*n + 33. Let b be s(-8). Let k be 2391/b - 6/10. Let v = -79 - k. What are the prime factors of v?
3
What are the prime factors of (0 + -1)*(-8705 - 9)?
2, 4357
Let a be -10*4/(-6) - 6/9. Let f be (700/(-12) + 0)/((-2)/a). Suppose -77 - f = -2*q. What are the prime factors of q?
2, 3, 7
Suppose -2*j - 2*o = -3412, -j + 762 = 5*o - 924. Suppose 5*i - j = -10*l + 7*l, -1713 = -5*i - 4*l. What are the prime factors of i?
11, 31
Let g = -322 + 327. Suppose 3*d = -5*i + 1552, -g*i + 1068 = -4*d - 491. List the prime factors of i.
311
Let v(w) = 635*w - 4. List the prime factors of v(9).
5711
Suppose -3059791 - 2720729 = -82*u + 372022. List the prime factors of u.
11, 19, 359
Suppose 9*d + 7 = 43. Suppose d*m - 2764 = -368. List the prime factors of m.
599
What are the prime factors of 76/6*((-8)/60 + 152228/285)?
2, 19, 89
Let c = -44 - -48. List the prime factors of 66/33*842/c.
421
Suppose -2*d + 40 + 90 = 0. Suppose k + 4*k + d = 0. Let u = 18 + k. List the prime factors of u.
5
Suppose 4*f - 134 = -10. Suppose f = u + 27. Suppose r + 189 = 4*p + u*r, 9 = 3*r. What are the prime factors of p?
3, 5
Let v(w) = 19*w - 26. Suppose 5 = -y + 15. Let d be v(y). Suppose -4*i - 240 = -7*i + 3*x, -d = -2*i + x. List the prime factors of i.
2, 3, 7
Let c(o) be the third derivative of -19*o**4/8 - 7*o**3/3 - 118*o**2. What are the prime factors of c(-8)?
2, 13, 17
Let p(f) be the second derivative of 79*f**3/6 + 171*f**2/2 + 29*f + 1. What are the prime factors of p(11)?
2, 5, 13
Let f(p) = p**2 - 5*p + 4. Let k be f(1). Suppose k = u - 8 + 2. Suppose -u*g = -956 - 46. What are the prime factors of g?
167
Suppose -4*d + 15 = -5*d. What are the prime factors of 597 - 1/(1*3/d)?
2, 7, 43
Let a(t) = -5*t - 10. Let c be a(-3). Let r be -1*((-3 - -1) + 2). Suppose 0 = 3*i - 3*b - 24, -c*i - 5*b + 22 + 28 = r. List the prime factors of i.
3
Let w(k) = -5*k**2 + 2*k**2 - 105*k**3 + 3*k**2 - k. Let n be w(-1). Let s = n - -11. What are the prime factors of s?
3, 13
Suppose -4*q - 353 = 543. Let b = q + 908. List the prime factors of b.
2, 3, 19
Suppose 25*b + 50 = -50. What are the prime factors of b + (435 - (0 - (-2 - -2)))?
431
Suppose 0 = 2*w + 685 - 93. Let h be (-1 + 2)*(3 - (w - 0)). Let y = h - 180. List the prime factors of y.
7, 17
Suppose -7*y - 36588 = -3*d, 6050 = 4*d + 3*y - 42697. What are the prime factors of d?
3, 17, 239
What are the prime factors of -2585*(3 - (-60)/(-16)) + 3/(-4)?
2, 3, 17, 19
Suppose 30 = 7*n - 2*n. Let u be -2 + -70*(-5 + n). Let c = 22 - u. What are the prime factors of c?
2, 47
Suppose 3*w - 25*o = -30*o + 1838, w = -5*o + 636. List the prime factors of w.
601
Let n be (2 + 436)/2*-1. Let k = n - -143. List the prime factors of ((-56)/(-16))/((-2)/k*1).
7, 19
Let u be (30/18 - 2) + 4918/3. Let o = -511 + u. List the prime factors of o.
2, 3, 47
Suppose l + 5*f = -22, 0 = 2*l - 0*l + 4*f + 14. Suppose -16 = -i - l*i. List the prime factors of 241/3 - i/12.
2, 5
Suppose 0 = -3*a - 0 - 204. Let b = 204 + a. Let n = 192 - b. List the prime factors of n.
2, 7
Let g be (-4)/(-7) - (6 + 190/(-35)). Suppose -52*t + 53*t - 255 = g. List the prime factors of t.
3, 5, 17
Suppose -9*g - 332 = 118. What are the prime factors of (932/7)/(g/(-175))?
2, 233
Let m(p) = -148*p + 6. Let f(s) = 144*s - 6. Let y(q) = -6*f(q) - 5*m(q). List the prime factors of y(-4).
2, 251
What are the prime factors of ((-362458)/(-4) + (-474)/(-316))/2?
2, 47, 241
Suppose 0 = -2*w + 2, 0 = -i + 7*w - 3*w - 714. List the prime factors of (-58)/(-87) - i/6.
7, 17
Let b = -2325 - -7869. What are the prime factors of b/17 - 10/85?
2, 163
Let p(h) = 180 - h + 175 + 181 + 6*h - 533. Suppose -m = 4*m - 90. What are the prime factors of p(m)?
3, 31
List the prime factors of 1/((-5)/(-70785)) - -7.
2, 3541
Let m(q) = 110*q + 26*q**2 - 59*q - 60*q + 7. Let n be m(-8). Suppose -9*a = -2*a - n. What are the prime factors of a?
3, 83
Suppose -2*o - 112*r = -117*r - 392, o = -5*r + 166. Suppose 27 = 2*p - 0*p + 3*q, -2*q = -4*p + 14. Suppose o + 156 = p*n. What are the prime factors of n?
3, 19
Let g be (4*5/60)/(2/(-6)). What are the prime factors of (-139 + (g - 6))*30/(-4)?
3, 5, 73
Let p = 45 + 6. Let t = p + -50. List the prime factors of (-206)/(-12) + t/(-6).
17
Suppose 7 = 11*u + 51. Let n be 0*(24/60)/(u/(-5)). Suppose -40*k + 37*k + 600 = n. List the prime factors of k.
2, 5
Let l(s) = 110*s**2 + 175*s - 1039. What are the prime factors of l(6)?
11, 19
Let m = -45 - -389. Suppose -c + 339 + m = 3*w, -10 = -5*c. List the prime factors of w.
227
Let q(v) = v**3 - 156*v**2 - 647*v - 480. What are the prime factors of q(163)?
2, 31, 1291
Suppose 4*g + 5*k = -10 + 42, -k = g - 8. Let m(z) = -278*z - 3247. Let r be m(-12). Let u = r + g. What are the prime factors of u?
97
Suppose 8*b - 379710 = 134298. List the prime factors of b.
3, 11, 59
Suppose -3*h + 33 = 51. List the prime factors of h/(-6)*146 + (-4 - -1).
11, 13
Let m be (-1)/((-1)/6098*2) - -3. What are the prime factors of ((m/(-6))/1)/(174/(-261))?
7, 109
Let a be (-3)/(((-12)/(-688))